+ 5*m - 60 = 0. What is the remainder when t is divided by 7?
6
Let a = 34 + -19. Suppose -m = 2*l + 10, l = -l. Let c(k) = -2*k - 14. Calculate the remainder when a is divided by c(m).
3
Let y = -24 - -46. Suppose 4*p - 3*p + 3*h = y, 0 = 5*h + 15. Suppose 58 = 4*o + 14. What is the remainder when p is divided by o?
9
Suppose 2*y - 29 = 185. Let s = y - 74. What is the remainder when s is divided by 12?
9
Suppose 7*s - s - 150 = 0. What is the remainder when 48 is divided by s?
23
Let y = 4 + -2. Calculate the remainder when (-1)/(-2)*y - -38 is divided by 21.
18
Let m = -28 - -45. Let j = -9 + m. What is the remainder when 31 is divided by j?
7
Let h(i) = i**2 + 9*i + 3. Let k be h(-8). Let l = k + 5. Suppose l = 3*z - 113 + 20. Calculate the remainder when z is divided by 16.
15
Let f = -32 - -5. Let y = 46 + f. What is the remainder when 74 is divided by y?
17
Let a = 114 + -78. Calculate the remainder when a is divided by 19.
17
Suppose -4*q + 7*q = -18. Calculate the remainder when 8 is divided by 38/14 + q/(-21).
2
Let k(w) = -w**3 + 10*w**2 - 17*w + 18. Calculate the remainder when 29 is divided by k(8).
9
Let v(y) be the third derivative of -13*y**4/12 - y**3/6 + 3*y**2. Suppose -2*a + 4 = -14. What is the remainder when v(-1) is divided by a?
7
Suppose o + 40 = 6*o. What is the remainder when o is divided by 6?
2
What is the remainder when (1 + 1)*(-46)/(-4) is divided by (4/6)/(9/108)?
7
Let r(z) = 11*z - 20. Let b be r(9). Suppose b + 15 = 2*h. Suppose 0 = d - 0*d - 24. What is the remainder when h is divided by d?
23
Suppose 95 = -n + 151. What is the remainder when n is divided by 30?
26
Let a = 73 - 45. Let y = -3 + 18. What is the remainder when a is divided by y?
13
Let y(a) = 13*a - 48. What is the remainder when y(7) is divided by 24?
19
Let q = -4 + 6. Suppose -q*h + 16 = -4. What is the remainder when 37 is divided by h?
7
Suppose 2*g + x + 15 = 1, 5*g - 4*x + 22 = 0. Let y = g + 28. What is the remainder when y is divided by 8?
6
Suppose 0 = -9*o + 7*o + 14. Let u(y) = -2*y**2 + 2*y - 1. Let w be u(1). Let a(q) = -19*q**3 + q + 1. Calculate the remainder when a(w) is divided by o.
5
What is the remainder when (377/(-39))/(1 + 10/(-9)) is divided by 9?
6
Let t be (-1)/1 + 0 - -4. Suppose 2*k = -4*i + 46, 0 = 2*k + t*i - 63 + 19. Suppose -4*n = r - n - 10, -4*n = 0. Calculate the remainder when k is divided by r.
9
Let d(p) = 2*p**2 - 3*p + 3. What is the remainder when d(4) is divided by 1/(((-10)/(-16))/5)?
7
Let z = 34 + -20. Suppose -141 = 4*c + 67. Calculate the remainder when c*(-1 - 2/(-4)) is divided by z.
12
Let f = 54 - -5. Let l = f - 31. Calculate the remainder when l is divided by 10.
8
Calculate the remainder when ((-3)/6)/(5/(-1060)) is divided by 14.
8
Suppose -m + 42 = z, z - 5*m = 2*z - 62. Calculate the remainder when z is divided by 8.
5
Let w be 0/(2/(4/2)). Let g(v) = 6 + w - v + 4*v - 5. Calculate the remainder when g(3) is divided by 4.
2
Let n = 3 + 7. Suppose 22*b - 18*b = 24. What is the remainder when n is divided by b?
4
Suppose -5*i - n + 24 = 0, i + 5*n - 12 - 12 = 0. Calculate the remainder when 17 is divided by i.
1
Suppose -3*p + f = -136, -5*p - f = -160 - 64. Let j = p + -16. Calculate the remainder when j is divided by 15.
14
Suppose -16 = -2*p - 2*p. Suppose -2*f + 3*v - 13 = -p*f, 0 = -f + v + 14. Suppose 2 = w - f. What is the remainder when 37 is divided by w?
11
Let y(n) = n + 17. Suppose 6*o = 4*o + 12. Calculate the remainder when (o/9)/(1/48) is divided by y(0).
15
Let h(o) = -o**3 - o**2 + 3*o - 2. Let i be -2 - (4/(-2) - -3). Let t(q) = -q**2 - 6*q + 4. Calculate the remainder when t(-3) is divided by h(i).
6
Let r be -3 - (4*-2 - 2). Suppose -13 = -4*l + r, 0 = 5*c - 3*l - 165. Calculate the remainder when c is divided by 19.
17
Suppose 28 = -4*y + 6*y. Let o be 6/3 - -1 - 1. Suppose 2 = -o*a + 3*s + 6, -4*a + 30 = 5*s. Calculate the remainder when y is divided by a.
4
Suppose -b = -3*b + 128. Suppose -5*a + 4*v = -156, 0 = -7*a + 4*a - 5*v + b. What is the remainder when a is divided by 15?
13
Suppose 2*d + 10 = 4*d. What is the remainder when 8 is divided by d?
3
Let v(g) be the third derivative of -1/60*g**5 - 2*g**2 + 0*g + 1/12*g**4 + 0 + 43/120*g**6 - 1/6*g**3. Calculate the remainder when v(1) is divided by 15.
13
Let q = 51 - 22. What is the remainder when 57 is divided by q?
28
Suppose -28 + 1 = -2*p - v, p - 2*v - 6 = 0. What is the remainder when p is divided by 5?
2
Let p be 16/(-104) + (-4)/(-26). Suppose p*s + 3*s = -5*k + 87, -4*s - 76 = -4*k. Suppose -2*u + 144 = 40. What is the remainder when u is divided by k?
16
Let y(l) be the third derivative of l**5/30 + 5*l**4/24 + l**2. Let h(i) = i**3 - 5*i**2 - 3*i - 5. Calculate the remainder when y(-5) is divided by h(6).
12
Let o be 6/2*(-2)/3. Let v = o - 8. Calculate the remainder when 2 + (-5)/2*v is divided by 14.
13
Let d = 16 - 7. Calculate the remainder when d is divided by 6.
3
Suppose 4*l = 3*i + 408 + 349, -4*l + 761 = i. Suppose 0 = -11*u + 6*u + l. Calculate the remainder when u is divided by 10.
8
Let g = -62 + 106. Suppose -2*a = -2*m + 170, -245 = -2*m - m + a. Suppose -4*s - s + 65 = 2*w, w + m = 5*s. What is the remainder when g is divided by s?
14
Let y = 25 - 8. Let b = 14 - 2. Suppose 0 = -3*g - b, -r - 3*g = 3*r - 24. What is the remainder when y is divided by r?
8
Let j(z) = -z**2 + 15*z - 21. Calculate the remainder when 37 is divided by j(12).
7
Suppose 0 = 4*o + 2*d, -d - 14 = -5*o - 0*o. What is the remainder when 38/14 - (-2)/7 is divided by o?
1
Suppose -4*x - 5*h = 6, -2 = x + 3*h + 3. Let w be ((-16)/12)/(1/12). Let b = x - w. Calculate the remainder when b is divided by 6.
5
Suppose 0 = -13*w + 9*w + 80. Calculate the remainder when w is divided by 11.
9
Let x be (9/(-6) - 0)*-38. Let t = x + -37. Suppose -5*a = 4*f - t - 6, 2 = 5*a - 2*f. What is the remainder when 5 is divided by a?
1
Suppose -3*j = -0*j. Suppose -3*k - 2 = -17, j = 4*s - k + 5. What is the remainder when s + (-1 + 2 - -9) is divided by 6?
4
Suppose -25 = -w + n, -4*n - 4 = -2*n. Let y(x) = 10. Let o(b) = b + 1. Let u(z) = -o(z) + y(z). What is the remainder when w is divided by u(3)?
5
Suppose -2*p - 8*p + 50 = 0. What is the remainder when 18 is divided by p?
3
Let x(u) = 21*u - 39. Calculate the remainder when x(8) is divided by 12.
9
Suppose 5*j + 23 + 2 = 0. Let w(d) = d + 9. Calculate the remainder when 15 is divided by w(j).
3
What is the remainder when (-2 + (-3)/(-1))*273/3 is divided by 24?
19
Let q = -11 - -16. Suppose 4*b - 3*h - 80 = 0, -q*b + 4*h - 35 = -135. Let n = 40 - b. What is the remainder when n is divided by 11?
9
Let m(d) = -d**3 - 7*d**2 + d + 8. Let b be m(-7). Let t = 34 - 14. Calculate the remainder when t is divided by 21*b*(-3)/(-9).
6
Let x = -7 - -5. Let d = x + 6. Let j(y) = 2*y + 2. Calculate the remainder when j(d) is divided by 6.
4
Let z be (-6)/(-4)*(-12)/(-9). Let g be ((0/(-2))/(-3))/z. Suppose 3 = w - g. What is the remainder when 5 is divided by w?
2
Let j(m) = -m**2 + 9*m + 5. Let r(p) = -2*p + 1. Calculate the remainder when j(8) is divided by r(-3).
6
Let h = 74 - 54. What is the remainder when h is divided by 12?
8
Calculate the remainder when 4/(-1*4/(-48)) is divided by 25.
23
Calculate the remainder when 92 is divided by 2 + 2 + -1 + (-1 - -29).
30
Let g(i) = i**2 + i - 2. Let l be g(-3). Let q = -3 + 13. Calculate the remainder when q is divided by (3 - 9)/((-6)/l).
2
Let f = -36 - -22. Let m = 52 - f. What is the remainder when m is divided by 17?
15
Let x(i) = -i**3 - i**2 + 2*i + 4. Let m be x(-3). Suppose 3*k + m = -5*b, 4*k - 3*b + 5*b - 2 = 0. What is the remainder when 11 is divided by k?
2
Suppose 0 = 3*p - 8*p + 45. Suppose -4*r - 1 = -p. Suppose -q = 5, 5*u + 2*q - 1 = 4. What is the remainder when u is divided by r?
1
Let c(p) = p**2 + 11*p + 15. Let a be c(-10). Suppose 0 = -2*u + a*x - 3, -5*x - 3 = 2*u - 30. Calculate the remainder when u is divided by 4.
2
Let t be 1 - 2/(-4)*6. Suppose 0 = -5*c + t*q + 40, -3*c + 20 = -5*q - 4. What is the remainder when 31 is divided by c?
7
Let b(g) = -9*g + 5. Let j be b(-3). Let t = 45 + j. Calculate the remainder when t is divided by 26.
25
What is the remainder when (324/(-90))/((-2)/15) is divided by 14?
1